{"id":676,"date":"2021-11-26T22:17:35","date_gmt":"2021-11-27T01:17:35","guid":{"rendered":"https:\/\/ficc.ar\/?page_id=676"},"modified":"2023-08-06T21:33:30","modified_gmt":"2023-08-07T00:33:30","slug":"equipo","status":"publish","type":"page","link":"https:\/\/ficc.ar\/buenosaires2022\/equipo\/","title":{"rendered":"EQUIPO FICC 2022"},"content":{"rendered":"<h4>Equipo FICC<\/h4>\n<p><strong>Director y Coordinador General:<\/strong> Alejo Araujo<br \/>\n<strong>Directora y Coordinadora de Programaci\u00f3n:<\/strong> Malena Bystrowicz<br \/>\n<strong>Asistente de Direcci\u00f3n:<\/strong> Victor Burgos<\/p>\n<p><strong>Producci\u00f3n Uruguay:<\/strong> Cecilia Easton<br \/>\n<strong>Producci\u00f3n Chile:<\/strong> Alejandro Ayala y Claudio Nu\u00f1ez<br \/>\n<strong>Producci\u00f3n Brasil:<\/strong> Bruna Piantino y Cannabis Monitor Gustavo Maia<br \/>\n<strong>Prensa Argentina:<\/strong> Cris Zurutuza<br \/>\n<strong>Prensa Uruguay:<\/strong> Silvina Natale<br \/>\n<strong>Gesti\u00f3n de Redes:<\/strong> BM Beatriz Meza<br \/>\n<strong>Cat\u00e1logo y Fotograf\u00eda:<\/strong> Ver\u00f3nica Mastrosimone<br \/>\n<strong>Registro de video:<\/strong> Liz Domeneq<br \/>\n<strong>P\u00e1gina Web:<\/strong> Guadalupe Rodriguez<br \/>\n<strong>Traducci\u00f3n y subtitulado:<\/strong> Pamela Fosa<\/p>\n","protected":false},"excerpt":{"rendered":"<p>Equipo FICC Director y Coordinador General: Alejo Araujo Directora y Coordinadora de Programaci\u00f3n: Malena Bystrowicz Asistente de Direcci\u00f3n: Victor Burgos Producci\u00f3n Uruguay: Cecilia Easton Producci\u00f3n Chile: Alejandro Ayala y Claudio Nu\u00f1ez Producci\u00f3n Brasil: Bruna Piantino y Cannabis Monitor Gustavo Maia Prensa Argentina: Cris Zurutuza Prensa Uruguay: Silvina Natale Gesti\u00f3n de Redes: BM Beatriz Meza Cat\u00e1logo&#8230;<\/p>\n","protected":false},"author":1,"featured_media":0,"parent":0,"menu_order":0,"comment_status":"closed","ping_status":"closed","template":"","meta":{"_acf_changed":false,"footnotes":""},"class_list":["post-676","page","type-page","status-publish","hentry"],"acf":[],"_links":{"self":[{"href":"https:\/\/ficc.ar\/buenosaires2022\/wp-json\/wp\/v2\/pages\/676","targetHints":{"allow":["GET"]}}],"collection":[{"href":"https:\/\/ficc.ar\/buenosaires2022\/wp-json\/wp\/v2\/pages"}],"about":[{"href":"https:\/\/ficc.ar\/buenosaires2022\/wp-json\/wp\/v2\/types\/page"}],"author":[{"embeddable":true,"href":"https:\/\/ficc.ar\/buenosaires2022\/wp-json\/wp\/v2\/users\/1"}],"replies":[{"embeddable":true,"href":"https:\/\/ficc.ar\/buenosaires2022\/wp-json\/wp\/v2\/comments?post=676"}],"version-history":[{"count":2,"href":"https:\/\/ficc.ar\/buenosaires2022\/wp-json\/wp\/v2\/pages\/676\/revisions"}],"predecessor-version":[{"id":1578,"href":"https:\/\/ficc.ar\/buenosaires2022\/wp-json\/wp\/v2\/pages\/676\/revisions\/1578"}],"wp:attachment":[{"href":"https:\/\/ficc.ar\/buenosaires2022\/wp-json\/wp\/v2\/media?parent=676"}],"curies":[{"name":"wp","href":"https:\/\/api.w.org\/{rel}","templated":true}]}}

<h4>Equipo FICC</h4>
<p><strong>Director y Coordinador General:</strong> Alejo Araujo<br />
<strong>Directora y Coordinadora de Programación:</strong> Malena Bystrowicz<br />
<strong>Asistente de Dirección:</strong> Victor Burgos</p>
<p><strong>Producción Uruguay:</strong> Cecilia Easton<br />
<strong>Producción Chile:</strong> Alejandro Ayala y Claudio Nuñez<br />
<strong>Producción Brasil:</strong> Bruna Piantino y Cannabis Monitor Gustavo Maia<br />
<strong>Prensa Argentina:</strong> Cris Zurutuza<br />
<strong>Prensa Uruguay:</strong> Silvina Natale<br />
<strong>Gestión de Redes:</strong> BM Beatriz Meza<br />
<strong>Catálogo y Fotografía:</strong> Verónica Mastrosimone<br />
<strong>Registro de video:</strong> Liz Domeneq<br />
<strong>Página Web:</strong> Guadalupe Rodriguez<br />
<strong>Traducción y subtitulado:</strong> Pamela Fosa</p>

<p>Equipo FICC Director y Coordinador General: Alejo Araujo Directora y Coordinadora de Programación: Malena Bystrowicz Asistente de Dirección: Victor Burgos Producción Uruguay: Cecilia Easton Producción Chile: Alejandro Ayala y Claudio Nuñez Producción Brasil: Bruna Piantino y Cannabis Monitor Gustavo Maia Prensa Argentina: Cris Zurutuza Prensa Uruguay: Silvina Natale Gestión de Redes: BM Beatriz Meza Catálogo&#8230;</p>
